8 = -1656. What is the thousands digit of k?
1
Suppose -25*t - 14 + 89 = 0. Suppose -2*z - 235 = -i, 2*z - 1202 = -5*i + t*z. What is the hundreds digit of i?
2
Suppose -l - 558 = -4*d + l, -4*d + 523 = 5*l. Let t = -52 + d. Suppose -3*i + 4*x = -t, x - 110 = -3*i - 0. What is the tens digit of i?
3
Let z(l) = 59*l - 13. Let g be z(5). What is the hundreds digit of g/(((-3)/(-45))/(3/18))?
7
Let y be (-66)/(-44) + 2/(-4). Let f be 7 + -5 + (y - 33). What is the hundreds digit of 2*((-12)/f + (-263)/(-5))?
1
Let o = 39 - 37. Let z be 163*(3 + -4 + o). Suppose 3*n = -4*p + 200, 4*p - n - z = p. What is the units digit of p?
3
Suppose 0*d - 5*d = -2405. Suppose -5*g + d = -c - 159, -104 = -g + 5*c. Suppose -3*u - g = -6*u. What is the units digit of u?
3
Let s be -4*1/6 + (-326)/6. Let q = s - -62. What is the units digit of q/(-14) + 614/4?
3
Suppose 0 = 2*i + 2*g - 1 - 5, 0 = 4*g - 12. Suppose -b = 5*m - 0*b - 20, m - b - 10 = i. What is the units digit of 2/m + (1458/(-10))/(-3)?
9
Suppose 2*b = -g - 51 + 902, -b = 3*g - 2528. Suppose 0 = 58*q - 59*q + g. What is the units digit of q?
1
Suppose 0 = -d + 17 + 8. Suppose -d = -2*y + 87. Suppose -2*s = -y - 14. What is the units digit of s?
5
Let i = -1280 - -2222. Suppose -1580*q + 1581*q = i. What is the tens digit of q?
4
Let w(b) = -21*b - 3. Let n(a) = a + 1. Let p(k) = 2*n(k) - w(k). Let s(l) = -l. Let c(y) = -p(y) - 2*s(y). What is the tens digit of c(-6)?
2
Suppose -2*s + 5*y = 12, 6*y = -2*s + 9*y - 4. Let j be 81 + (s - (-2 - -6)). Suppose 2*c = c + 4*u + j, 5*u = c - 78. What is the tens digit of c?
9
Suppose -22*t = -24*t + 2. Let a be (5 + -6 - (-4 + t)) + 9. Let f(d) = -d**3 + 9*d**2 + 23*d + 14. What is the tens digit of f(a)?
2
Let f(q) = 3*q**3 - 9*q**2 - 47*q - 127. What is the ten thousands digit of f(20)?
1
Suppose -2*d + 4*w = -9166, -6*d - 3*w + 22863 = -d. What is the hundreds digit of d?
5
Let z(j) be the third derivative of -47*j**7/2520 + j**6/144 - 13*j**5/60 - 16*j**2. Let f(s) be the third derivative of z(s). What is the tens digit of f(-1)?
9
Let l = -17469 - -35485. What is the thousands digit of l?
8
Let n = 13942 + -6453. What is the hundreds digit of n?
4
Let z be 7/2 + 2/4. Suppose 0 = 4*k - 5*d + 15, 2*d + 657 = 2*k + 663. Suppose -2*r + z*u + 62 = 0, -5*r + u - 5*u + 113 = k. What is the units digit of r?
5
Suppose 4*q + 7 = -y, 3*y = 3*q - 23 + 17. Let p = 163 + -114. What is the units digit of (9 + -10)*q*p?
9
Suppose -3*z + 16 = 4. Suppose 2*f + 2145 = 3*j, 14*f = -z*j + 13*f + 2860. What is the units digit of j?
5
Let x = 31921 + -21866. What is the hundreds digit of x?
0
What is the thousands digit of 9/6 + (-64022)/(-28)?
2
Suppose -17*u + 14*u + g + 26003 = 0, -5*u + 43285 = 9*g. What is the thousands digit of u?
8
Let c(n) = 7*n**3 + 2*n**2 + n - 1. Let y be c(-4). Let k = y + 1275. What is the tens digit of k?
5
Suppose 3*n - 39 = -21. Suppose n*j - 104 = -14. Let o = j + 9. What is the tens digit of o?
2
Let a(v) be the first derivative of 83*v**2/2 + 209*v - 75. What is the hundreds digit of a(12)?
2
Let h be (24/(-36))/((-6)/(-9)*1). What is the hundreds digit of (10/h*2)/((-3)/63)?
4
Let m be 8*(-15)/(-20) + -370. Let q = 425 - m. What is the units digit of q?
9
Suppose -5*t = -2*z - 38727, -2*t - 2*z - 552 = -16040. What is the tens digit of t?
4
Let v be (-6)/4 + (-9)/(-2). Suppose -25 = -7*s + v. Suppose x - 137 = -4*g, -97 = -x + s*g + 16. What is the tens digit of x?
2
Let z(o) = -5*o**3 + 3*o**2 + 7*o + 1. Let h be z(-2). Suppose q + 43 = h. What is the hundreds digit of 204*(-1 - 8/q)?
2
Let r(m) = m**3 - 68*m**2 - 28*m - 26. What is the units digit of r(74)?
8
Let m = -30437 + 70110. What is the units digit of m?
3
Let c be 27 + 3/((-9)/6). Let a be 5/(-25)*c/(-2)*2. Suppose a*h = 2*u - 111, 2*u + 2*h + 58 = 3*u. What is the tens digit of u?
6
Let n be 2 + -2 - (-6 + 6 + -2). What is the hundreds digit of 21 + -17 + -1 + n + 131?
1
Let d(q) = -q + 7. Let r be d(7). Suppose r = 4*x - 5*h - 1734, -5*h - 1303 = -4*x + x. What is the units digit of x?
1
Let t(z) = 13*z**2 - 25*z + 103. Let y(q) = -6*q**2 + 12*q - 52. Let a(v) = -4*t(v) - 9*y(v). What is the units digit of a(-15)?
6
Let g(z) be the first derivative of -7*z**3/3 - 3*z**2/2 + z - 12. Let d be g(1). What is the units digit of 66 - (-6)/d*-6?
0
Suppose -2 = 560*h - 561*h. Suppose 2*w + m = 1670, -1664 = -h*w + 6*m - 10*m. What is the tens digit of w?
3
Let z = 4 + 30. Let u = 90 - z. Let l = 124 - u. What is the tens digit of l?
6
Let r(j) = 22799*j**3 + 4*j**2 + 40*j - 43. What is the tens digit of r(1)?
0
Let b(h) = 15*h**2 - 7*h + 11. Let f be b(9). Suppose 63 - f = -5*p. What is the tens digit of p?
2
Suppose -26*w + 21*w + 19128 = 2*q, -w + 3804 = 4*q. What is the thousands digit of w?
3
Let b be ((-23)/46)/(2/(-1944)). What is the units digit of b/(-36)*((-4)/6)/1?
9
Let h = 56 - 80. Let q = -28 - h. What is the tens digit of (-8 - q) + 32*5?
5
Let z = 56910 - 39673. What is the ten thousands digit of z?
1
Let h(w) = -w**3 + 6*w**2 - 4*w - 3. Let b be h(5). Suppose b*y = -485 - 101. Let a = 445 + y. What is the tens digit of a?
5
Let i(p) = 9*p - 3. Let n be i(8). Suppose 65*o - n*o = -24. Suppose -o*v + v + 342 = -3*h, -2*h = -3*v + 206. What is the units digit of v?
6
Let q(b) = -3*b**2 - 45*b**3 + 2*b**3 - 3*b - 102 + 103. Let i(o) = 42*o**3 + 4*o**2 + 4*o - 1. Let y(v) = 4*i(v) + 5*q(v). What is the units digit of y(-1)?
8
Let c be (-68075)/40 - (-2)/(-16). What is the units digit of (2/4)/(c/284 + 6)?
1
Let k = -67917 - -27333. What is the tens digit of (-2)/(-12) - k/144?
8
Suppose 33 = -5*l - 67. Let q = l + 23. Suppose 2*f - 36 - 32 = -x, 2*x - 101 = q*f. What is the tens digit of x?
5
Suppose 14 = -3*z + 11, -f + 5*z = -4524. What is the thousands digit of f?
4
Suppose 57*z + 318 = 56*z. Let k = z + 1516. What is the units digit of k?
8
Let x = 9880 - 7280. What is the units digit of x?
0
Let d(r) = r**3 + 8*r + 0*r**3 + 0*r**2 - 7 - 2*r**2. Let x = 939 - 935. What is the units digit of d(x)?
7
Let u(t) be the second derivative of t**3 + 0 + 28*t + 1/2*t**2. What is the units digit of u(4)?
5
Let a(g) = 199*g**3 + 11*g**2 + 2 + 6*g**2 + 2*g - 198*g**3. What is the hundreds digit of a(-7)?
4
What is the tens digit of -6 - ((-34)/51)/(85695/85689 - 1)?
1
Let g(t) = -25*t - 2. Let v be g(2). Let y = 63 - v. What is the hundreds digit of y?
1
Let o = 1551 + -308. Suppose -o = -6*b + 2141. What is the hundreds digit of b?
5
Let w = -127 - -73. What is the tens digit of (w/8)/((9/204)/(-3))?
5
Let n(a) = -5*a**2 + a**2 + 8*a**3 + 3 - 47*a**3 + 64*a - 4*a**3 - 76*a. What is the hundreds digit of n(-2)?
3
Let v = 31 - 21. Suppose 0 = -3*g + v + 14. Let t(w) = 4*w**2 - 7*w - 11. What is the tens digit of t(g)?
8
Suppose -49 = -3*r - 28. Let i(h) = 14*h**2 - 14*h + 27. What is the hundreds digit of i(r)?
6
Suppose -6*o - 15 = -3*o - 5*g, 0 = -2*g + 6. Suppose 2*s = 5*m + 31, o = s + 4*m + 4. What is the units digit of ((-4)/s)/((-2)/28)?
7
Let j(c) be the third derivative of -11/8*c**4 - 13/3*c**3 - 10*c**2 - 1/60*c**5 + 0*c + 0. What is the units digit of j(-18)?
4
Let u(o) = -5*o**3 + o**2 + 6*o + 7. Let p be u(-2). Suppose -5*r - 6 = p. What is the tens digit of (393/9 - 3/r)*4?
7
Let y(i) = 30*i**2 + 22*i - 4. Let b be (6*(-112)/(-60))/((-2)/(-10)). Let r = -59 + b. What is the units digit of y(r)?
0
Let d(l) = 28*l**2 - 52*l - 13. Let g be d(6). What is the tens digit of (g - 14) + (-18)/3?
6
Suppose -w + 0 = 2*b + 3, -5*w + 30 = b. Suppose -w*a + 237 = -6*a. What is the units digit of a?
7
Let u(k) = -7126*k - 2572. What is the hundreds digit of u(-4)?
9
Suppose 4*k - 53020 = 5*z + 3497, -k + 14124 = 4*z. Suppose 51*a - 43*a = k. What is the units digit of a?
6
Let f(m) = 14*m + 19 - 8*m - 7*m. Let z be f(17). Suppose 3*u - 614 = 3*j + j, 2*u - 400 = -z*j. What is the units digit of u?
2
Let l = 24156 - 16592. What is the thousands digit of l?
7
Let o(y) = 20*y**2 - 13*y - 3. Suppose 3*v - 1 = -5*m - 2, 0 = -5*v - m - 31. What is the units digit of o(v)?
8
Let d(f) = 3033*f - 2201. What is the thousands digit of d(10)?
8
Let z = -169 - -103. Let h = -741 + 740. What is the tens digit of (-2 - h)*(-11)/(z/(-744))?
2
Suppose -y - 2*y + 996 = 0. Suppose 22*k = 23*k - y